 Calculate w(-8).
23
Let b(m) = -2*m**2 + 25*m + 17. Calculate b(14).
-25
Let a(j) = -3*j + 20. Calculate a(-9).
47
Let s(d) = 2*d**2 - 11*d - 3. Calculate s(8).
37
Let j(z) = -3*z + 52. What is j(15)?
7
Let q(i) = -i**3 + 2*i**2 + i. What is q(3)?
-6
Let s(z) = -z**3 - 8*z**2 - 13*z - 5. Give s(-6).
1
Let y(v) = 5*v + 87. Give y(0).
87
Let y(f) = f**3 - 10*f**2 + 13*f + 4. What is y(2)?
-2
Let r(s) = -s**2 - 9*s + 18. Calculate r(-15).
-72
Let h(m) = m**3 + 8*m**2 + 7*m - 10. Give h(-7).
-10
Let h(v) = -20*v + 343. What is h(17)?
3
Let k(n) = 14*n - 129. Determine k(11).
25
Let b(x) = -x**3 + 11*x**2 - 6*x - 9. Determine b(7).
145
Let y(o) = -58*o - 171. Determine y(-3).
3
Let s(h) = h**3 + h**2 + 14. Calculate s(0).
14
Let j(y) = 3*y - 7. Calculate j(5).
8
Let b(s) = -s**3 - 12*s**2 - s - 8. Calculate b(-12).
4
Let o(a) = 2*a**3 - 10*a**2 - 2*a + 10. What is o(5)?
0
Let c(d) = d**3 - 14*d**2 + 4*d - 15. Calculate c(14).
41
Let b(u) = u**2 - 2*u + 128. Give b(0).
128
Let h(k) = -k**3 - 10*k**2 + 11. Calculate h(-10).
11
Let j(s) = -s**3 - 8*s**2 + 13*s + 16. Calculate j(-9).
-20
Let j(k) = -5*k - 26. What is j(-7)?
9
Let r(v) = v**3 - 8*v**2 - 36*v + 22. Calculate r(11).
-11
Let k(d) = -d**3 + 4*d**2 + 4*d + 6. What is k(5)?
1
Let o(z) = 11*z - 2. What is o(1)?
9
Let i(g) = 54*g + 380. Determine i(-7).
2
Let a(o) = -o**3 + 36*o**2 - 98*o - 22. Give a(33).
11
Let q(i) = -14*i. Determine q(4).
-56
Let l(z) = -z**2 + 2*z + 9. What is l(6)?
-15
Let u(j) = j**3 + 5*j**2 + 2*j - 1. What is u(-4)?
7
Let p(y) = -y**3 - 36*y**2 + 37*y - 6. Give p(-37).
-6
Let z(x) = -x**2 + 18*x - 6. What is z(19)?
-25
Let p(y) = -y - 20. Calculate p(-10).
-10
Let v(w) = w**3 - w**2. Determine v(2).
4
Let x(r) = -r**3 + 8*r**2 + 9*r - 16. What is x(9)?
-16
Let d(a) = -a**2 + a - 22. What is d(0)?
-22
Let c(x) = 4*x**2 - 42*x + 15. Determine c(10).
-5
Let v(x) = -x**3 + 35*x**2 - 28*x - 201. Determine v(34).
3
Let g(p) = -p**3 + 6*p**2 + 15*p - 49. Determine g(7).
7
Let w(t) = 3*t - 7. Give w(15).
38
Let j(n) = -2*n**2 - 64*n - 370. Calculate j(-24).
14
Let p(m) = m**3 - 9*m**2 - m - 23. Determine p(10).
67
Let u(d) = -39*d**2 + 2*d + 1. What is u(-1)?
-40
Let l(k) = -k**3 - 2*k**2 - k - 1. Determine l(2).
-19
Let h(m) = 5*m**2 - 32*m + 77. Give h(3).
26
Let y(u) = -u + 21. Determine y(15).
6
Let x(r) = 9*r + 3. Give x(-2).
-15
Let v(c) = c**2 - 7*c + 8. Calculate v(6).
2
Let w(o) = o**2 - 31*o + 163. What is w(24)?
-5
Let t(n) = n**3 + 8*n**2 - 3*n - 63. Determine t(-7).
7
Let h(q) = q**2 + 7*q + 5. Calculate h(-2).
-5
Let q(p) = p**2 + 4*p - 171. What is q(11)?
-6
Let p(s) = -2*s + 36. Determine p(21).
-6
Let c(w) = -w**3 + 15*w**2 + 17*w + 28. Calculate c(16).
44
Let m(k) = 25*k - 88. Determine m(5).
37
Let c(p) = -p**2 + 4*p + 14. Give c(-3).
-7
Let x(n) = -2*n**3 + 113*n**2 + 172*n + 117. Determine x(58).
1
Let i(y) = -y**3 - 11*y**2 + 7*y - 12. What is i(-12)?
48
Let a(i) = 2*i - 2. Calculate a(9).
16
Let c(p) = 3*p**2 - 8*p - 41. Determine c(-6).
115
Let r(s) = 31*s + 5. Determine r(-2).
-57
Let c(r) = -44*r**2 + 2*r - 1. Calculate c(1).
-43
Let q(d) = -d**3 + 11*d**2 - 12*d + 5. Determine q(9).
59
Let r(u) = 3*u - 21. Calculate r(-13).
-60
Let m(h) = h**3 - 10*h + 1. Calculate m(4).
25
Let p(i) = -4*i**2 - 3*i - 1. Calculate p(-2).
-11
Let d(a) = -2*a**2 + 23*a - 39. Give d(9).
6
Let w(v) = v**3 - 23*v**2 + v - 63. Determine w(23).
-40
Let v(q) = 13*q + 3. What is v(-1)?
-10
Let s(r) = r + 14. What is s(0)?
14
Let i(q) = -q**2 + 6*q - 5. Calculate i(5).
0
Let x(k) = -k**3 - 3*k**2 + 17*k + 42. Determine x(-2).
4
Let s(w) = w**2 - 3*w + 7. Give s(6).
25
Let h(b) = 5*b - 22. Calculate h(4).
-2
Let d(t) = -85*t - 1112. Calculate d(-13).
-7
Let r(j) = j**3 + 10*j**2 + 7*j + 6. What is r(-9)?
24
Let h(n) = -2*n**2 + 42*n - 35. Determine h(19).
41
Let p(f) = -f**3 - 8*f**2 - 19*f - 46. What is p(-6)?
-4
Let c(o) = o**2 - 11*o - 1. Calculate c(10).
-11
Let f(l) = -l**3 - 12*l**2 - 7*l + 4. Determine f(-12).
88
Let z(k) = k**2 - 29*k + 105. Calculate z(25).
5
Let l(p) = 3*p - 33. Calculate l(19).
24
Let v(n) = n**3 - 7*n**2 + 8*n. Calculate v(6).
12
Let a(h) = 4*h**2 + 4*h + 14. Determine a(-3).
38
Let a(v) = -v**2 + 11*v + 4. Give a(11).
4
Let s(v) = 2*v**2 + 10*v - 7. Determine s(-7).
21
Let y(k) = 7*k**2 + 6*k + 9. Give y(-4).
97
Let p(k) = 4*k + 21. Give p(-5).
1
Let g(i) = -5*i**2 - 2*i + 2. Give g(1).
-5
Let v(n) = -n**2 - 20*n + 5. Determine v(-20).
5
Let w(r) = r**3 - 10*r**2 + 3*r - 14. Calculate w(10).
16
Let r(j) = -j**2 + 8*j - 7. Give r(6).
5
Let o(v) = 4*v**2 + 4*v. Determine o(6).
168
Let v(m) = 39*m + 69. Give v(-5).
-126
Let b(d) = d**3 + 3*d**2 - 18*d - 34. Determine b(-5).
6
Let d(v) = v**3 - 10*v**2 + 4*v + 16. What is d(9)?
-29
Let x(k) = k**2 - 5*k - 1. Determine x(6).
5
Let i(a) = 2*a**3 + 28*a**2 + 25*a - 5. Calculate i(-13).
8
Let y(k) = -3*k - 20. What is y(-7)?
1
Let c(z) = z**3 - 8*z**2 - 10*z + 21. Give c(9).
12
Let d(b) = -b**3 - 6*b**2 - 7*b - 3. What is d(-7)?
95
Let b(p) = 5*p - 7. What is b(-3)?
-22
Let a(v) = -v**3 + v**2 + 11. Determine a(0).
11
Let x(p) = 27*p + 552. Give x(-20).
12
Let f(c) = 6*c**3 - 2*c**2 + c. Calculate f(1).
5
Let i(p) = -4*p**2 - 224*p - 218. Determine i(-55).
2
Let w(h) = 3*h**2 + 9*h + 15. Give w(-6).
69
Let g(d) = d**3 + 14*d**2 + 13*d + 36. What is g(-13)?
36
Let v(w) = w**3 - 18*w**2 + 18*w + 20. Determine v(17).
37
Let l(f) = -f**3 + 12*f**2 - 12*f - 12. Calculate l(11).
-23
Let n(o) = -5*o**3 - 86*o**2 - 17*o - 4. Determine n(-17).
-4
Let l(t) = 18*t**2 - t + 1. Determine l(1).
18
Let q(c) = -2*c**2 - 30*c + 147. What is q(-19)?
-5
Let o(p) = p**3 + 7*p**2 - 5*p + 9. Determine o(-8).
-15
Let i(a) = 3*a**2 + 14*a - 9. Calculate i(-6).
15
Let c(w) = 6*w**2 + w - 2. What is c(2)?
24
Let a(h) = -2*h - 8. What is a(-5)?
2
Let p(n) = -n**3 - 14*n**2 - 10*n - 14. Determine p(-13).
-53
Let u(o) = -17*o + 63. Determine u(4).
-5
Let d(k) = -3*k**3 + k**2 - 3*k - 2. Give d(-3).
97
Let f(u) = -170*u - 332. Give f(-2).
8
Let g(k) = 36*k + 278. Calculate g(-8).
-10
Let w(f) = -2*f**2 + 4*f - 2. Give w(4).
-18
Let q(f) = -f**2 + 14*f + 17. What is q(15)?
2
Let o(n) = -n**2 + 2*n + 1. What is o(-2)?
-7
Let k(i) = 4*i**2 + 25*i + 6. Give k(-6).
0
Let t(o) = -o**2 + 4*o + 6. Calculate t(8).
-26
Let c(s) = -s**2 - 14*s - 9. Give c(-13).
4
Let r(t) = -t**2 - 4*t - 11. Give r(-8).
-43
Let i(s) = s**2 + 11*s + 21. Give i(-9).
3
Let w(r) = r**2 - 6*r - 10. Give w(7).
-3
Let j(d) = d**3 - 9*d**2 + 5*d + 18. Determine j(8).
-6
Let s(u) = 2*u**2 + 9*u - 7. What is s(-5)?
-2
Let z(g) = g**2 + 5*g - 20. What is z(-7)?
-6
Let d(w) = w**2 - 4*w - 12. What is d(-5)?
33
Let u(v) = v**3 - 2*v**2 - 5*v + 3. What is u(3)?
-3
Let g(f) = -f**2 + 2*f + 62. What is g(9)?
-1
Let p(x) = 58*x**2 - 5*x + 2. Give p(1).
55
Let t(o) = -o**3 + 6*o**2 + 6*o - 40. Determine t(6).
-4
Let u(m) = -5*m**2 - 4*m + 25. Give u(5).
-120
Let a(y) = -67*y + 2. Calculate a(3).
-199
Let t(a) = -a**3 + 46*a**2 + 3*a - 140. What is t(46)?
-2
Let n(y) = -y**3 + 18*y**2 + 19*y - 12. Determine n(19).
-12
Let y(g) = g - 2. What is y(13)?
11
Let w(i) = -4*i - 6. Calculate w(2).
-14
Let u(w) = -w**2 + 25*w - 124. What is u(18)?
2
Let u(m) = 3*m + 30. What is u(-6)?
12
Let z(y) = -2*y**2 + 12*y. Give z(0).
0
Let v(p) = p**3 - 13*p**2 + 27*p - 21. Calculate v(9).
-102
Let v(k) = -k + 12. Give v(5).
7
Let m(x) = x**3 + 7*x**2 - 6*x - 7. Give m(-6).
65
Let q(w) = 24*w**2. What is q(1)?
24
Let y(v) = 3*v**2 + 14*v - 42. Calculate y(5).
103
Let v(q) = -11*q**2 + 23*q. Give v(3).
-30
Let p(j) = 2*j**3 + 8*j**2 - 4*j - 12. What is p(-4)?
4
Let j(s) = -10*s + 2. What is j(1)?
-8
Let f(y) = -y**3 - 4*y**2 + 4*y + 6. What is f(-4)?
-10
Let m(q) = 66*q**2 - q. Give m(-1).
67
Let d(g) = -g**3 + 6*g**2 - 20. Give d(6).
-20
Let o(x) = x**3 + 3*x**2 - 2*x - 3. Give o(-4).
-11
Let q(b) = b**2 - 6*b - 5. Determine q(8).
11
Let r(f) = 6*f + 69. Determine r(-11).
3
Let l(k) = -k**2 - k + 1. What is l(2)?
-5
Let q(i) = -4*i. Give q(-2).
8
Let k(n) = n**3 - 29*n**2 + 79*n - 8. Determine k(26).
18
Let v(r) = -3*r**3 + 2*r**2 + 2*r. What is v(2)?
-12
Let k(r) = r**3 + 4*r**2 - 5*r - 18. What is k(-4)?
2
Let q(a) = 8*a + 24. What is q(-7)?
-32
Let r(s) = -2*s**3 - 2*s**2 + 6*s + 8. Determin